{"id":84,"date":"2023-08-18T14:28:08","date_gmt":"2023-08-18T12:28:08","guid":{"rendered":"https:\/\/bons-it.de\/?page_id=84"},"modified":"2024-06-08T22:19:04","modified_gmt":"2024-06-08T20:19:04","slug":"datenarchivierung","status":"publish","type":"page","link":"https:\/\/bons-it.de\/?page_id=84","title":{"rendered":"Datenarchivierung"},"content":{"rendered":"<p><div class=\"et_d4_element et_pb_section et_pb_section_0  et_pb_css_mix_blend_mode et_section_regular et_block_section\" >\n\t\t\t\t\n\t\t\t\t\n\t\t\t\t\n\t\t\t\t\n\t\t\t\t\n\t\t\t\t\n\t\t\t\t<div class=\"et_d4_element et_pb_row et_pb_row_0  et_pb_css_mix_blend_mode et_block_row\">\n\t\t\t\t<div class=\"et_d4_element et_pb_column_4_4 et_pb_column et_pb_column_0  et_pb_css_mix_blend_mode et-last-child et_block_column\">\n\t\t\t\t\n\t\t\t\t\n\t\t\t\t\n\t\t\t\t\n\t\t\t\t<div class=\"et_pb_module et_d4_element et_pb_text et_pb_text_0  et_pb_text_align_left et_pb_bg_layout_light\">\n\t\t\t\t\n\t\t\t\t\n\t\t\t\t\n\t\t\t\t\n\t\t\t\t<div class=\"et_pb_text_inner\"><h1 style=\"text-align: center;\">Datenarchivierung<\/h1><\/div>\n\t\t\t<\/div>\n\t\t\t<\/div>\n\t\t\t\t\n\t\t\t\t\n\t\t\t\t\n\t\t\t\t\n\t\t\t<\/div><div class=\"et_d4_element et_pb_row et_pb_row_1  et_pb_css_mix_blend_mode et_block_row\">\n\t\t\t\t<div class=\"et_d4_element et_pb_column_1_2 et_pb_column et_pb_column_1  et_pb_css_mix_blend_mode et_block_column\">\n\t\t\t\t\n\t\t\t\t\n\t\t\t\t\n\t\t\t\t\n\t\t\t\t<div class=\"et_pb_module et_d4_element et_pb_text et_pb_text_1  et_pb_text_align_left et_pb_bg_layout_light\">\n\t\t\t\t\n\t\t\t\t\n\t\t\t\t\n\t\t\t\t\n\t\t\t\t<div class=\"et_pb_text_inner\"><h3 style=\"font-weight: 400; text-align: justify;\">Die Archivierung von Daten ist keine Entscheidung, sondern Pflicht.<\/h3>\n<p style=\"text-align: justify;\">\n<p style=\"font-weight: 400; text-align: justify;\">Unsere Dienstleistung zur Datenarchivierung bietet Unternehmen eine zuverl\u00e4ssige und sichere M\u00f6glichkeit, Ihre elektronischen Daten langfristig zu speichern und zu sch\u00fctzen. Wir setzen auf moderne Technologien und hohe Sicherheitsstandards, um zu gew\u00e4hrleisten, dass Ihre Daten jederzeit gesch\u00fctzt und verf\u00fcgbar sind, falls diese ben\u00f6tigt werden.<\/p>\n<p style=\"font-weight: 400; text-align: justify;\">Unser Archivierungsservice beinhaltet nicht nur die Sicherung von Daten auf externen Servern und die Anwendung von Verschl\u00fcsselungstechnologien, um sicherzustellen, dass die Daten unserer Kunden vor unbefugtem Zugriff gesch\u00fctzt sind, sondern auch die Durchf\u00fchrung regelm\u00e4\u00dfiger Tests und \u00dcberpr\u00fcfungen, um sicherzustellen, dass alle Systeme und Prozesse reibungslos funktionieren.<\/p>\n<p style=\"font-weight: 400; text-align: justify;\">Unsere Dienstleistung zur Datenarchivierung bietet Ihrem Unternehmen somit eine professionelle und zuverl\u00e4ssige L\u00f6sung zur Speicherung und Sicherung ihrer wichtigen elektronischen Daten.<\/p><\/div>\n\t\t\t<\/div>\n\t\t\t<\/div><div class=\"et_d4_element et_pb_column_1_2 et_pb_column et_pb_column_2  et_pb_css_mix_blend_mode et-last-child et_block_column\">\n\t\t\t\t\n\t\t\t\t\n\t\t\t\t\n\t\t\t\t\n\t\t\t\t<div class=\"et_pb_module et_d4_element et_pb_text et_pb_text_2  et_pb_text_align_left et_pb_bg_layout_light\">\n\t\t\t\t\n\t\t\t\t\n\t\t\t\t\n\t\t\t\t\n\t\t\t\t\n\t\t\t<\/div><div class=\"et_pb_module et_d4_element et_pb_image et_pb_image_0\">\n\t\t\t\t\n\t\t\t\t\n\t\t\t\t\n\t\t\t\t\n\t\t\t\t<span class=\"et_pb_image_wrap \"><img loading=\"lazy\" decoding=\"async\" width=\"1024\" height=\"768\" src=\"https:\/\/bons-it.de\/wp-content\/uploads\/2023\/08\/c-m-X_j3b4rqnlk-unsplash-1024x768.jpg\" alt=\"\" title=\"c-m-X_j3b4rqnlk-unsplash\" srcset=\"https:\/\/bons-it.de\/wp-content\/uploads\/2023\/08\/c-m-X_j3b4rqnlk-unsplash-980x735.jpg 980w, https:\/\/bons-it.de\/wp-content\/uploads\/2023\/08\/c-m-X_j3b4rqnlk-unsplash-480x360.jpg 480w\" sizes=\"(min-width: 0px) and (max-width: 480px) 480px, (min-width: 481px) and (max-width: 980px) 980px, (min-width: 981px) 1024px, 100vw\" class=\"wp-image-86\" \/><\/span>\n\t\t\t<\/div>\n\t\t\t<\/div>\n\t\t\t\t\n\t\t\t\t\n\t\t\t\t\n\t\t\t\t\n\t\t\t<\/div>\n\t\t\t\t\n\t\t\t\t\n\t\t\t<\/div><div class=\"et_d4_element et_pb_section et_pb_section_2 et_pb_with_background et_pb_section_parallax  et_pb_css_mix_blend_mode et_section_regular section_has_divider et_pb_bottom_divider et_block_section\" >\n\t\t\t\t\n\t\t\t\t\n\t\t\t\t\n\t\t\t\t\n\t\t\t\t\n\t\t\t\t\n\t\t\t\t<div class=\"et_d4_element et_pb_row et_pb_row_2  et_pb_css_mix_blend_mode et_block_row\">\n\t\t\t\t<div class=\"et_d4_element et_pb_column_4_4 et_pb_column et_pb_column_3  et_pb_css_mix_blend_mode et-last-child et_block_column\">\n\t\t\t\t\n\t\t\t\t\n\t\t\t\t\n\t\t\t\t\n\t\t\t\t<div class=\"et_pb_module et_d4_element et_pb_text et_pb_text_3  et_pb_text_align_left et_pb_bg_layout_light\">\n\t\t\t\t\n\t\t\t\t\n\t\t\t\t\n\t\t\t\t\n\t\t\t\t<div class=\"et_pb_text_inner\"><h2 style=\"text-align: center;\"><strong><span style=\"color: #ffffff;\">Brauchen Sie Hilfe? Kontaktieren Sie unseren Support!<\/span><\/strong><\/h2><\/div>\n\t\t\t<\/div><div class=\"et_pb_button_module_wrapper et_pb_button_0_wrapper et_pb_button_alignment_center et_pb_module \">\n\t\t\t\t<a class=\"et_pb_button et_d4_element et_pb_button_0 et_pb_bg_layout_dark et_block_module\" href=\"https:\/\/bons-it.de\/?page_id=39\">Support Kontaktieren<\/a>\n\t\t\t<\/div>\n\t\t\t<\/div>\n\t\t\t\t\n\t\t\t\t\n\t\t\t\t\n\t\t\t\t\n\t\t\t<\/div>\n\t\t\t\t\n\t\t\t\t<div class=\"et_pb_bottom_inside_divider et-no-transition\"><\/div>\n\t\t\t<\/div><\/p>\n","protected":false},"excerpt":{"rendered":"","protected":false},"author":1,"featured_media":0,"parent":0,"menu_order":0,"comment_status":"closed","ping_status":"closed","template":"","meta":{"_et_pb_use_builder":"on","_et_pb_old_content":"","_et_gb_content_width":"","footnotes":""},"class_list":["post-84","page","type-page","status-publish","hentry"],"_links":{"self":[{"href":"https:\/\/bons-it.de\/index.php?rest_route=\/wp\/v2\/pages\/84","targetHints":{"allow":["GET"]}}],"collection":[{"href":"https:\/\/bons-it.de\/index.php?rest_route=\/wp\/v2\/pages"}],"about":[{"href":"https:\/\/bons-it.de\/index.php?rest_route=\/wp\/v2\/types\/page"}],"author":[{"embeddable":true,"href":"https:\/\/bons-it.de\/index.php?rest_route=\/wp\/v2\/users\/1"}],"replies":[{"embeddable":true,"href":"https:\/\/bons-it.de\/index.php?rest_route=%2Fwp%2Fv2%2Fcomments&post=84"}],"version-history":[{"count":5,"href":"https:\/\/bons-it.de\/index.php?rest_route=\/wp\/v2\/pages\/84\/revisions"}],"predecessor-version":[{"id":515,"href":"https:\/\/bons-it.de\/index.php?rest_route=\/wp\/v2\/pages\/84\/revisions\/515"}],"wp:attachment":[{"href":"https:\/\/bons-it.de\/index.php?rest_route=%2Fwp%2Fv2%2Fmedia&parent=84"}],"curies":[{"name":"wp","href":"https:\/\/api.w.org\/{rel}","templated":true}]}}